). Let s be (2/(-4))/(m/40). What are the prime factors of (-18)/(-4) - 2/s?
5
Suppose u + 2*u = 9. Suppose 3*h + u = n + 7, -n + 4*h = 7. What are the prime factors of n?
5
Let a be (10/(-20))/((-1)/372). What are the prime factors of (-4)/14 + a/14?
13
Let x = -44 - -128. Suppose -5*b + 2*a = -208, 4*a - x = -2*b + 5*a. List the prime factors of b.
2, 5
Let o(f) = f**3 - 6*f**2 - 4*f + 3. What are the prime factors of o(7)?
2, 3
Suppose h + 3*i - 38 = 0, 7*i - 2*i = -4*h + 117. Suppose k - 10 = l + 2*k, 3*l + k = -32. Let d = h + l. List the prime factors of d.
2, 3
Let k(y) = -y**2 + 7*y - 2. Let s be k(6). Suppose -5*i + s = -4*j, i + j + 0*j = 8. List the prime factors of i.
2
Suppose -4*b - 46 = 5*k, -2*b - 3*k = k + 26. List the prime factors of (-10)/(-3)*b/(-6).
5
Let p(l) be the first derivative of l**3/3 - 11*l**2/2 - l - 1. Suppose -4*o = -73 + 25. List the prime factors of p(o).
11
Let o = -4 - -7. Suppose -o*q + 7*q = -12. Let v = q - -9. What are the prime factors of v?
2, 3
Let o(x) = x**2 - 2*x - 3. Let m be o(-3). Suppose -2*z - z = -m. Suppose z = 3*f - 2. What are the prime factors of f?
2
Let d be 1/5 - 82/10. Let k = 23 + d. Suppose k + 35 = 5*x. What are the prime factors of x?
2, 5
Let p(t) be the second derivative of t**5/20 + 5*t**4/12 - t**3/6 + t**2 - t. Suppose 2*h = q + 1, 4*q - 5*h = 5 - 15. What are the prime factors of p(q)?
7
Suppose -n + 4*v + 14 = 2*n, -n - 5*v - 8 = 0. Let r(m) = m**n + 2 + 4*m - 6*m + 0. List the prime factors of r(3).
5
Let g(l) = -l**3 - 6*l**2 + l + 8. List the prime factors of g(-6).
2
Let q be 6/(-4)*6*3. List the prime factors of 18/q - 59/(-3).
19
Let w(l) = l**2 + 5*l + 2. Let k be w(-5). Suppose 3*q - 17 = -k*d + d, 27 = 3*q + 3*d. Let t(n) = n**3 - 4*n**2 + n + 2. List the prime factors of t(q).
2, 3
Let n(x) = x - 2. Let w be n(2). Suppose 4*h - 12 = 2*o, 0 = -2*o - 3*o. List the prime factors of w*h/6 - -2.
2
Suppose -n + 0*b = -2*b + 8, -5*n + b = -5. Suppose 0*o - n*o = -12. List the prime factors of o.
2, 3
Let m = 1 + 3. Suppose 0 = 3*h - m*n - 63, -4*h + 5*n + 58 + 25 = 0. List the prime factors of h.
17
Suppose 0 = 3*t + 5*i - 9, 3*t + 4*i = -t + 20. Suppose 3*f + t = -1. What are the prime factors of (-8)/(-2) - (0 + f)?
7
Let y be -6*(6/(-4) + 1). Let a(q) = 2*q**2 - 5*q + 4. List the prime factors of a(y).
7
List the prime factors of 4/(-1 - 0) - -21.
17
Let r = 18 - 13. Suppose -2*o - 2*q = q + r, -2*q = 2*o. What are the prime factors of o?
5
Let h(k) = k**3 + 8*k**2 + 6*k - 3. Let s be h(-7). Let m = 13 - s. What are the prime factors of m?
3
List the prime factors of 106/5 + (-2)/10.
3, 7
Suppose 81 + 67 = 4*k. List the prime factors of k.
37
Suppose 0*m + 14 = -2*m. Let s(b) = b + 9. Let q be s(m). Suppose i - 2*a = 3, a - 26 = -q*i - 0*a. List the prime factors of i.
11
Let o = -3 + 5. Suppose i = -3*j - i + 13, o*j + i = 7. Suppose -n + 5 = -j. List the prime factors of n.
2, 3
Let n(x) = -x**3 - 2*x**2 - 2*x - 6. Let o be n(-5). Suppose 4*h = -5*f + o, 0*f = -2*f - 3*h + 26. List the prime factors of f.
19
Let a(l) = l - 12. Let g be a(12). Suppose 2*n - 13 - 7 = g. List the prime factors of n.
2, 5
Let h be (-2)/(-4)*(5 - -1). Suppose -3 - h = -2*q. What are the prime factors of q?
3
Suppose -4*u = 2*q - 18, 0 = -7*u + 4*u + q + 6. Suppose 2*r + r + 1 = i, -5*i + u*r = -17. List the prime factors of i.
2
Let r(k) = -2*k + 3 - k**2 - k**3 + k**2 + 0*k**3. Let v be r(-3). Suppose -5*h = v - 96. What are the prime factors of h?
2, 3
Let p = -23 + 40. Let q(z) = z**3 - 18*z**2 + 19*z - 18. What are the prime factors of q(p)?
2
Let b(k) = k**2 - k - 14. What are the prime factors of b(8)?
2, 3, 7
Let u(b) = -b**3 - b + 4. Suppose 3*h = -2*h. Let r be u(h). Suppose -o = r*o - 15. What are the prime factors of o?
3
Suppose 4*x = 5*x - 1. Suppose 2*s - x - 9 = 0. What are the prime factors of s?
5
Suppose -3*i + q + 0*q + 10 = 0, -i - 2 = q. Let w be (-4)/i + 10 + -5. Suppose 5*s + 3*g - 85 = 0, -2*g - 37 = -w*s - g. What are the prime factors of s?
2, 7
Suppose -4*m - 4*t + 12 = 0, 3*t = -2*m + 3*m + 5. Let x be 7 + (-1 - m)/(-2). Let n = 18 - x. List the prime factors of n.
2, 5
Suppose 4*n + 2 = 478. What are the prime factors of n?
7, 17
List the prime factors of 15 + -1 + 2 + -4.
2, 3
Suppose -a = -3*m + a, 4 = 5*m - 2*a. Suppose 3 = m*h - 5. What are the prime factors of h?
2
Let q = 3 + -1. Suppose -h - 15 = q*h, 5*h = 2*a - 35. List the prime factors of (6/a)/(12/80).
2
Let q(o) = -o**2 + 2*o. Let k be q(4). Let v = 3 + k. List the prime factors of (3/(-2))/(v/40).
2, 3
Let m = 22 - -14. List the prime factors of m.
2, 3
Let v(w) = 163*w + 2. What are the prime factors of v(2)?
2, 41
Let y be (2 + -1)*2 - 0. Let m be 1/(14/6 - y). What are the prime factors of m/6 - 9/(-2)?
5
Suppose z - 8 = -z. Suppose -2*c + 11 - 44 = -5*s, 2*c - 12 = -z*s. Suppose n - 17 = -6*o + 3*o, -s*n = 3*o - 13. List the prime factors of o.
2, 3
Let o(x) = -x**3 - 8*x**2 - 12*x + 3. List the prime factors of o(-9).
2, 3
Let k(r) = 34*r**3 + 2*r**2 - 6*r + 12. List the prime factors of k(2).
2, 5, 7
Let g(x) = x**3 - 6*x**2 + 6*x - 1. Let d be g(6). Suppose -18 = -h - 5*p, -3*h + 0*h = -4*p - d. List the prime factors of h.
13
Let i be 7/9 - (-2)/9. Let q be 32/8 + (i - 1). Suppose q*x - 34 = 2*g, -3*x + 38 = 2*x - g. What are the prime factors of x?
7
Suppose -v + 104 = -5*v. Let g = v - -55. What are the prime factors of g?
29
Let s(p) = 6*p. Let m(u) = -5*u + 1. Let n(r) = -4*m(r) - 3*s(r). Let l be n(5). Suppose 9 = a - l. What are the prime factors of a?
3, 5
Let l be (2 + 2)/(-2) - 2. Let s = l - 12. Let d = 33 + s. List the prime factors of d.
17
Let n(z) = -z + 7. Let a(b) = b**3 + 4*b**2 - 3*b + 5. Let p be a(-5). What are the prime factors of n(p)?
2, 3
Suppose -5*c + 719 = 14. List the prime factors of c.
3, 47
Let j be (-1 - (1 - 36)) + 1. Suppose -100 = -5*q - j. Let k = 0 + q. What are the prime factors of k?
13
Let z(w) = 19*w - 1. Let y be z(1). Let c = 32 - y. List the prime factors of c.
2, 7
Let p(v) = v**3 + v**2 - v + 137. List the prime factors of p(0).
137
Suppose 1 = -2*h - 5*d - 2, -5*d - 9 = h. List the prime factors of (16/6)/(1/h).
2
Suppose 3*z + 16 = 5*z - 4*c, 16 = 5*z - 2*c. Suppose -z*m = -0*m - 36. What are the prime factors of m?
2, 3
Let i(a) = -a**2 + 11. Let v be 12/(-18) - 2/(-3). List the prime factors of i(v).
11
Let t(i) be the third derivative of -i**5/20 + i**3/6 - i**2. Let f be t(-1). Let m(l) = -l**3 - 2*l**2 - l + 1. List the prime factors of m(f).
3
Let t = 6 + 17. Let f = t + -11. What are the prime factors of f?
2, 3
List the prime factors of -3 + (-4 + 3 - -168).
2, 41
Let s(i) = -2*i - 1. Let h be s(3). Let x(o) = o**3 + 8*o**2 + 3*o - 9. List the prime factors of x(h).
19
Suppose 4*b = 149 + 203. What are the prime factors of b?
2, 11
Let i(f) = f**3 - 3*f + 2. Let k be i(2). Suppose k*v - 27 = -x, -3 = 6*x - 3*x. List the prime factors of v.
7
Suppose 0*a - 3*a + 5*r = -105, 0 = 4*r. List the prime factors of a.
5, 7
Let n(o) be the first derivative of -2 + 2/3*o**3 + o + 0*o**2. What are the prime factors of n(2)?
3
Suppose -378 = -7*q - 2*q. What are the prime factors of q?
2, 3, 7
Let c(p) = 2*p**3 - 8*p**2 + p + 9. Let d(k) = 3*k**3 - 8*k**2 + 2*k + 9. Let h(q) = 4*c(q) - 3*d(q). What are the prime factors of h(-8)?
5
Let b be 0/(1 + 2 + -1). Let v(d) = -3*d - 2. Let k be v(-3). Suppose b*c = -c + k. What are the prime factors of c?
7
Suppose -3*l = -4*h + 11 + 21, -2*h + 5*l + 30 = 0. Suppose 54 + 76 = h*p. List the prime factors of p.
2, 13
Let q = 75 + -20. What are the prime factors of q?
5, 11
Let u be (-12)/(-7)*42/(-4). Let o be (33 - (0 - -2)) + 0. Let w = o + u. List the prime factors of w.
13
Let j(c) = 2*c. Let g be j(-2). Let w be -3 - g - 1*-1. Suppose w*a + 2*d - 19 = d, -4*a - 5*d + 53 = 0. List the prime factors of a.
7
Suppose -4*h = 5*d - 546 + 171, -3*h = 2*d - 143. What are the prime factors of d?
79
Let x(u) = u**2 - 5*u. Let h be x(5). Suppose -c + 5*c = h. Suppose -2*f - 2*s = -22, c*f + 2*f = 4*s + 46. What are the prime factors of f?
3, 5
Let f(o) = o + 2. Let v be f(-6). Let y(h) = -12*h - 3. Let d be y(v). Suppose 3*b + 35 = 5*p, 4*p + 0*b - d = -b. List the prime factors of p.
2, 5
List the prim